inder when 313 is divided by 72?
25
What is the remainder when 400 is divided by 67?
65
Calculate the remainder when 221 is divided by 68.
17
What is the remainder when 20108 is divided by 91?
88
Calculate the remainder when 878 is divided by 99.
86
What is the remainder when 22 is divided by 20?
2
Calculate the remainder when 338 is divided by 34.
32
What is the remainder when 173 is divided by 47?
32
Calculate the remainder when 11878 is divided by 9.
7
What is the remainder when 673 is divided by 52?
49
Calculate the remainder when 116 is divided by 5.
1
Calculate the remainder when 20 is divided by 15.
5
Calculate the remainder when 1056 is divided by 106.
102
Calculate the remainder when 130 is divided by 42.
4
Calculate the remainder when 1806 is divided by 587.
45
Calculate the remainder when 59 is divided by 24.
11
Calculate the remainder when 1108 is divided by 18.
10
What is the remainder when 446 is divided by 16?
14
Calculate the remainder when 1075 is divided by 364.
347
What is the remainder when 1543 is divided by 91?
87
What is the remainder when 8016 is divided by 10?
6
What is the remainder when 362 is divided by 44?
10
What is the remainder when 89 is divided by 46?
43
Calculate the remainder when 5231 is divided by 349.
345
Calculate the remainder when 292 is divided by 142.
8
What is the remainder when 1511 is divided by 37?
31
Calculate the remainder when 2604 is divided by 91.
56
What is the remainder when 394 is divided by 100?
94
What is the remainder when 269 is divided by 9?
8
What is the remainder when 362 is divided by 150?
62
Calculate the remainder when 679 is divided by 14.
7
What is the remainder when 12822 is divided by 45?
42
What is the remainder when 174 is divided by 45?
39
What is the remainder when 455 is divided by 90?
5
Calculate the remainder when 330 is divided by 147.
36
Calculate the remainder when 232 is divided by 15.
7
What is the remainder when 267 is divided by 18?
15
What is the remainder when 51 is divided by 5?
1
Calculate the remainder when 5614 is divided by 935.
4
Calculate the remainder when 102 is divided by 14.
4
Calculate the remainder when 892 is divided by 77.
45
Calculate the remainder when 232 is divided by 20.
12
What is the remainder when 7449 is divided by 50?
49
What is the remainder when 455 is divided by 155?
145
What is the remainder when 147 is divided by 53?
41
Calculate the remainder when 379 is divided by 53.
8
Calculate the remainder when 2548 is divided by 11.
7
What is the remainder when 313 is divided by 5?
3
What is the remainder when 299 is divided by 13?
0
Calculate the remainder when 295 is divided by 138.
19
Calculate the remainder when 264 is divided by 23.
11
Calculate the remainder when 649 is divided by 26.
25
What is the remainder when 93 is divided by 16?
13
Calculate the remainder when 104 is divided by 35.
34
What is the remainder when 82 is divided by 34?
14
What is the remainder when 194 is divided by 9?
5
What is the remainder when 777 is divided by 388?
1
What is the remainder when 2212 is divided by 18?
16
What is the remainder when 1142 is divided by 44?
42
Calculate the remainder when 193 is divided by 68.
57
Calculate the remainder when 163 is divided by 28.
23
Calculate the remainder when 291 is divided by 59.
55
What is the remainder when 329 is divided by 83?
80
Calculate the remainder when 1815 is divided by 227.
226
Calculate the remainder when 3426 is divided by 3396.
30
Calculate the remainder when 414 is divided by 136.
6
What is the remainder when 283 is divided by 115?
53
Calculate the remainder when 1601 is divided by 199.
9
What is the remainder when 727 is divided by 184?
175
What is the remainder when 2771 is divided by 108?
71
What is the remainder when 162 is divided by 34?
26
Calculate the remainder when 251 is divided by 6.
5
Calculate the remainder when 213 is divided by 56.
45
Calculate the remainder when 1444 is divided by 1409.
35
Calculate the remainder when 487 is divided by 29.
23
Calculate the remainder when 462 is divided by 69.
48
Calculate the remainder when 652 is divided by 15.
7
What is the remainder when 270 is divided by 17?
15
Calculate the remainder when 2020 is divided by 15.
10
What is the remainder when 694 is divided by 171?
10
What is the remainder when 161 is divided by 13?
5
What is the remainder when 225 is divided by 114?
111
Calculate the remainder when 145 is divided by 74.
71
What is the remainder when 1026 is divided by 15?
6
What is the remainder when 772 is divided by 247?
31
Calculate the remainder when 1226 is divided by 408.
2
What is the remainder when 231 is divided by 6?
3
What is the remainder when 262 is divided by 6?
4
What is the remainder when 108 is divided by 31?
15
Calculate the remainder when 202 is divided by 89.
24
What is the remainder when 74 is divided by 39?
35
Calculate the remainder when 67 is divided by 17.
16
What is the remainder when 332 is divided by 14?
10
What is the remainder when 51 is divided by 14?
9
Calculate the remainder when 13 is divided by 11.
2
What is the remainder when 52 is divided by 10?
2
Calculate the remainder when 1134 is divided by 373.
15
What is the remainder when 551 is divided by 12?
11
What is the remainder when 288 is divided by 89?
21
Calculate the remainder when 294 is divided by 200.
94
Calculate the remainder when 2547 is divided by 50.
47
Calculate the remainder when 72 is divided by 28.
16
What is the remainder when 2198 is divided by 716?
50
Calculate the remainder when 2330 is divided by 8.
2
What is the remainder when 839 is divided by 20?
19
What is the remainder when 258 is divided by 20?
18
Calculate the remainder when 615 is divided by 238.
139
Calculate the remainder when 74 is divided by 20.
14
What is the remainder when 800 is divided by 268?
264
Calculate the remainder when 365 is divided by 15.
5
Calculate the remainder when 351 is divided by 74.
55
Calculate the remainder when 348 is divided by 89.
81
What is the remainder when 1547 is divided by 771?
5
What is the remainder when 94 is divided by 16?
14
What is the remainder when 39 is divided by 8?
7
Calculate the remainder when 670 is divided by 112.
110
What is the remainder when 384 is divided by 104?
72
What is the remainder when 252 is divided by 125?
2
Calculate the remainder when 114 is divided by 20.
14
What is the remainder when 8644 is divided by 17?
8
What is the remainder when 851 is divided by 61?
58
Calculate the remainder when 664 is divided by 165.
4
What is the remainder when 799 is divided by 32?
31
Calculate the remainder when 75 is divided by 38.
37
What is the remainder when 610 is divided by 29?
1
What is the remainder when 91 is divided by 32?
27
Calculate the remainder when 225 is divided by 76.
73
Calculate the remainder when 80 is divided by 14.
10
Calculate the remainder when 181 is divided by 84.
13
Calculate the remainder when 68 is divided by 11.
2
Calculate the remainder when 1111 is divided by 28.
19
Calculate the remainder when 127 is divided by 57.
13
What is the remainder when 698 is divided by 28?
26
Calculate the remainder when 85 is divided by 39.
7
What is the remainder when 1094 is divided by 15?
14
What is the remainder when 5193 is divided by 20?
13
Calculate the remainder when 145 is divided by 5.
0
Calculate the remainder when 27477 is divided by 9157.
6
What is the remainder when 174 is divided by 82?
10
Calculate the remainder when 354 is divided by 33.
24
What is the remainder when 162 is divided by 35?
22
What is the remainder when 106 is divided by 12?
10
What is the remainder when 75 is divided by 6?
3
Calculate the remainder when 670 is divided by 13.
7
Calculate the remainder when 340 is divided by 268.
72
Calculate the remainder when 174 is divided by 66.
42
What is the remainder when 495 is divided by 61?
7
Calculate the remainder when 298 is divided by 43.
40
What is the remainder when 9632 is divided by 73?
69
What is the remainder when 166 is divided by 40?
6
Calculate the remainder when 579 is divided by 170.
69
Calculate the remainder when 278 is divided by 9.
8
What is the remainder when 450 is divided by 12?
6
Calculate the remainder when 164 is divided by 31.
9
Calculate the remainder when 291 is divided